{"id":246,"date":"2020-10-16T10:51:22","date_gmt":"2020-10-16T08:51:22","guid":{"rendered":"http:\/\/test.pus-eck.de\/?page_id=246"},"modified":"2023-03-05T14:18:07","modified_gmt":"2023-03-05T13:18:07","slug":"schulleitung","status":"publish","type":"page","link":"http:\/\/test.pus-eck.de\/?page_id=246","title":{"rendered":"Schulleitung"},"content":{"rendered":"\n<figure class=\"wp-block-image size-large\"><img decoding=\"async\" loading=\"lazy\" width=\"1024\" height=\"681\" src=\"http:\/\/test.pus-eck.de\/wp-content\/uploads\/2023\/02\/schulleitung-1024x681.jpg\" alt=\"\" class=\"wp-image-2414\" srcset=\"http:\/\/test.pus-eck.de\/wp-content\/uploads\/2023\/02\/schulleitung-1024x681.jpg 1024w, http:\/\/test.pus-eck.de\/wp-content\/uploads\/2023\/02\/schulleitung-300x199.jpg 300w, http:\/\/test.pus-eck.de\/wp-content\/uploads\/2023\/02\/schulleitung-768x511.jpg 768w, http:\/\/test.pus-eck.de\/wp-content\/uploads\/2023\/02\/schulleitung-1536x1021.jpg 1536w, http:\/\/test.pus-eck.de\/wp-content\/uploads\/2023\/02\/schulleitung-2048x1362.jpg 2048w\" sizes=\"(max-width: 1024px) 100vw, 1024px\" \/><figcaption class=\"wp-element-caption\">Schulleitung Peter-Ustinov-Schule Eckernf\u00f6rde<\/figcaption><\/figure>\n\n\n\n<div class=\"wp-block-media-text alignwide is-stacked-on-mobile\" style=\"grid-template-columns:20% auto\"><figure class=\"wp-block-media-text__media\"><img decoding=\"async\" loading=\"lazy\" width=\"146\" height=\"181\" src=\"http:\/\/test.pus-eck.de\/wp-content\/uploads\/2021\/08\/Imke.png\" alt=\"\" class=\"wp-image-487 size-full\"\/><\/figure><div class=\"wp-block-media-text__content\">\n<p><strong>Imke Freudenthal (Schulleiterin)<\/strong><\/p>\n\n\n\n<ol>\n<li>Gesamtleitung der Schule<\/li>\n\n\n\n<li>Dienstaufsicht<\/li>\n\n\n\n<li>Vertretung der Schule in der \u00d6ffentlichkeit<\/li>\n\n\n\n<li>Aufnahme neuer Sch\u00fcler\/innen<\/li>\n\n\n\n<li>Terminplanung<\/li>\n<\/ol>\n\n\n\n<p>Tel: 04351-7325-0<\/p>\n<\/div><\/div>\n\n\n\n<p><\/p>\n\n\n\n<p><\/p>\n\n\n\n<div class=\"wp-block-media-text alignwide is-stacked-on-mobile\" style=\"grid-template-columns:20% auto\"><figure class=\"wp-block-media-text__media\"><img decoding=\"async\" loading=\"lazy\" width=\"768\" height=\"1024\" src=\"http:\/\/test.pus-eck.de\/wp-content\/uploads\/2022\/09\/DSCN9161-768x1024.jpg\" alt=\"\" class=\"wp-image-1518 size-full\" srcset=\"http:\/\/test.pus-eck.de\/wp-content\/uploads\/2022\/09\/DSCN9161-768x1024.jpg 768w, http:\/\/test.pus-eck.de\/wp-content\/uploads\/2022\/09\/DSCN9161-225x300.jpg 225w, http:\/\/test.pus-eck.de\/wp-content\/uploads\/2022\/09\/DSCN9161-1152x1536.jpg 1152w, http:\/\/test.pus-eck.de\/wp-content\/uploads\/2022\/09\/DSCN9161-1536x2048.jpg 1536w, http:\/\/test.pus-eck.de\/wp-content\/uploads\/2022\/09\/DSCN9161-scaled.jpg 1920w\" sizes=\"(max-width: 768px) 100vw, 768px\" \/><\/figure><div class=\"wp-block-media-text__content\">\n<p><strong>Michael Rehbehn (stellvertr. Schulleiter)<\/strong><\/p>\n\n\n\n<ol>\n<li>Vertreter des Schulleiters<\/li>\n\n\n\n<li>Stundenplangestaltung<\/li>\n\n\n\n<li>Unterhaltung des Schulgeb\u00e4udes<\/li>\n<\/ol>\n\n\n\n<p>Tel: 04351-7325-0<\/p>\n<\/div><\/div>\n\n\n\n<div style=\"height:78px\" aria-hidden=\"true\" class=\"wp-block-spacer\"><\/div>\n\n\n\n<div class=\"wp-block-media-text alignwide is-stacked-on-mobile\" style=\"grid-template-columns:20% auto\"><figure class=\"wp-block-media-text__media\"><img decoding=\"async\" loading=\"lazy\" width=\"145\" height=\"181\" src=\"http:\/\/test.pus-eck.de\/wp-content\/uploads\/2021\/08\/Nicole.png\" alt=\"\" class=\"wp-image-491 size-full\"\/><\/figure><div class=\"wp-block-media-text__content\">\n<p><strong>Nicola Lange (Oberstufenleiterin)<\/strong><br><\/p>\n\n\n\n<p><\/p>\n\n\n\n<p><\/p>\n\n\n\n<p>Tel: 04351-7325-21<\/p>\n<\/div><\/div>\n\n\n\n<div style=\"height:100px\" aria-hidden=\"true\" class=\"wp-block-spacer\"><\/div>\n\n\n\n<div class=\"wp-block-media-text alignwide is-stacked-on-mobile\" style=\"grid-template-columns:21% auto\"><figure class=\"wp-block-media-text__media\"><img decoding=\"async\" loading=\"lazy\" width=\"768\" height=\"1024\" src=\"http:\/\/test.pus-eck.de\/wp-content\/uploads\/2022\/09\/DSCN9164-768x1024.jpg\" alt=\"\" class=\"wp-image-1517 size-full\" srcset=\"http:\/\/test.pus-eck.de\/wp-content\/uploads\/2022\/09\/DSCN9164-768x1024.jpg 768w, http:\/\/test.pus-eck.de\/wp-content\/uploads\/2022\/09\/DSCN9164-225x300.jpg 225w, http:\/\/test.pus-eck.de\/wp-content\/uploads\/2022\/09\/DSCN9164-1152x1536.jpg 1152w, http:\/\/test.pus-eck.de\/wp-content\/uploads\/2022\/09\/DSCN9164-1536x2048.jpg 1536w, http:\/\/test.pus-eck.de\/wp-content\/uploads\/2022\/09\/DSCN9164-scaled.jpg 1920w\" sizes=\"(max-width: 768px) 100vw, 768px\" \/><\/figure><div class=\"wp-block-media-text__content\">\n<p><strong>Dr. Marco Ehlers (Koordinator f\u00fcr die Klassenstufen 8-10)<\/strong><br><\/p>\n\n\n\n<p><\/p>\n\n\n\n<p>Tel: 04351-7325-60<\/p>\n<\/div><\/div>\n\n\n\n<div style=\"height:100px\" aria-hidden=\"true\" class=\"wp-block-spacer\"><\/div>\n\n\n\n<div class=\"wp-block-media-text alignwide is-stacked-on-mobile\" style=\"grid-template-columns:21% auto\"><figure class=\"wp-block-media-text__media\"><img decoding=\"async\" loading=\"lazy\" width=\"145\" height=\"191\" src=\"http:\/\/test.pus-eck.de\/wp-content\/uploads\/2021\/08\/Christian.png\" alt=\"\" class=\"wp-image-495 size-full\"\/><\/figure><div class=\"wp-block-media-text__content\">\n<p><strong>Christian Meyer (Koordinator f\u00fcr die Klassenstufen 5-7)<\/strong><br><\/p>\n\n\n\n<p>Tel: 04351-7325-55<\/p>\n<\/div><\/div>\n\n\n\n<div style=\"height:100px\" aria-hidden=\"true\" class=\"wp-block-spacer\"><\/div>\n\n\n\n<div class=\"wp-block-media-text alignwide is-stacked-on-mobile\" style=\"grid-template-columns:21% auto\"><figure class=\"wp-block-media-text__media\"><img decoding=\"async\" loading=\"lazy\" width=\"146\" height=\"193\" src=\"http:\/\/test.pus-eck.de\/wp-content\/uploads\/2021\/08\/Nicole-S.png\" alt=\"\" class=\"wp-image-496 size-full\"\/><\/figure><div class=\"wp-block-media-text__content\">\n<p><strong>Nicole Str\u00e4mke (p\u00e4dagogische Koordinatorin)<\/strong><br><\/p>\n\n\n\n<p>Tel: 04351-7325-22<\/p>\n<\/div><\/div>\n","protected":false},"excerpt":{"rendered":"<p>Nicola Lange (Oberstufenleiterin) Tel: 04351-7325-21 Dr. Marco Ehlers (Koordinator f\u00fcr die Klassenstufen 8-10) Tel: 04351-7325-60 Christian Meyer (Koordinator f\u00fcr die Klassenstufen 5-7) Tel: 04351-7325-55 Nicole Str\u00e4mke (p\u00e4dagogische Koordinatorin) Tel: 04351-7325-22<\/p>\n","protected":false},"author":1,"featured_media":0,"parent":0,"menu_order":0,"comment_status":"closed","ping_status":"closed","template":"","meta":[],"_links":{"self":[{"href":"http:\/\/test.pus-eck.de\/index.php?rest_route=\/wp\/v2\/pages\/246"}],"collection":[{"href":"http:\/\/test.pus-eck.de\/index.php?rest_route=\/wp\/v2\/pages"}],"about":[{"href":"http:\/\/test.pus-eck.de\/index.php?rest_route=\/wp\/v2\/types\/page"}],"author":[{"embeddable":true,"href":"http:\/\/test.pus-eck.de\/index.php?rest_route=\/wp\/v2\/users\/1"}],"replies":[{"embeddable":true,"href":"http:\/\/test.pus-eck.de\/index.php?rest_route=%2Fwp%2Fv2%2Fcomments&post=246"}],"version-history":[{"count":13,"href":"http:\/\/test.pus-eck.de\/index.php?rest_route=\/wp\/v2\/pages\/246\/revisions"}],"predecessor-version":[{"id":2525,"href":"http:\/\/test.pus-eck.de\/index.php?rest_route=\/wp\/v2\/pages\/246\/revisions\/2525"}],"wp:attachment":[{"href":"http:\/\/test.pus-eck.de\/index.php?rest_route=%2Fwp%2Fv2%2Fmedia&parent=246"}],"curies":[{"name":"wp","href":"https:\/\/api.w.org\/{rel}","templated":true}]}}

<figure class="wp-block-image size-large"><img decoding="async" loading="lazy" width="1024" height="681" src="http://test.pus-eck.de/wp-content/uploads/2023/02/schulleitung-1024x681.jpg" alt="" class="wp-image-2414" srcset="http://test.pus-eck.de/wp-content/uploads/2023/02/schulleitung-1024x681.jpg 1024w, http://test.pus-eck.de/wp-content/uploads/2023/02/schulleitung-300x199.jpg 300w, http://test.pus-eck.de/wp-content/uploads/2023/02/schulleitung-768x511.jpg 768w, http://test.pus-eck.de/wp-content/uploads/2023/02/schulleitung-1536x1021.jpg 1536w, http://test.pus-eck.de/wp-content/uploads/2023/02/schulleitung-2048x1362.jpg 2048w" sizes="(max-width: 1024px) 100vw, 1024px" /><figcaption class="wp-element-caption">Schulleitung Peter-Ustinov-Schule Eckernförde</figcaption></figure>



<div class="wp-block-media-text alignwide is-stacked-on-mobile" style="grid-template-columns:20% auto"><figure class="wp-block-media-text__media"><img decoding="async" loading="lazy" width="146" height="181" src="http://test.pus-eck.de/wp-content/uploads/2021/08/Imke.png" alt="" class="wp-image-487 size-full"/></figure><div class="wp-block-media-text__content">
<p><strong>Imke Freudenthal (Schulleiterin)</strong></p>



<ol>
<li>Gesamtleitung der Schule</li>



<li>Dienstaufsicht</li>



<li>Vertretung der Schule in der Öffentlichkeit</li>



<li>Aufnahme neuer Schüler/innen</li>



<li>Terminplanung</li>
</ol>



<p>Tel: 04351-7325-0</p>
</div></div>



<p></p>



<p></p>



<div class="wp-block-media-text alignwide is-stacked-on-mobile" style="grid-template-columns:20% auto"><figure class="wp-block-media-text__media"><img decoding="async" loading="lazy" width="768" height="1024" src="http://test.pus-eck.de/wp-content/uploads/2022/09/DSCN9161-768x1024.jpg" alt="" class="wp-image-1518 size-full" srcset="http://test.pus-eck.de/wp-content/uploads/2022/09/DSCN9161-768x1024.jpg 768w, http://test.pus-eck.de/wp-content/uploads/2022/09/DSCN9161-225x300.jpg 225w, http://test.pus-eck.de/wp-content/uploads/2022/09/DSCN9161-1152x1536.jpg 1152w, http://test.pus-eck.de/wp-content/uploads/2022/09/DSCN9161-1536x2048.jpg 1536w, http://test.pus-eck.de/wp-content/uploads/2022/09/DSCN9161-scaled.jpg 1920w" sizes="(max-width: 768px) 100vw, 768px" /></figure><div class="wp-block-media-text__content">
<p><strong>Michael Rehbehn (stellvertr. Schulleiter)</strong></p>



<ol>
<li>Vertreter des Schulleiters</li>



<li>Stundenplangestaltung</li>



<li>Unterhaltung des Schulgebäudes</li>
</ol>



<p>Tel: 04351-7325-0</p>
</div></div>



<div style="height:78px" aria-hidden="true" class="wp-block-spacer"></div>



<div class="wp-block-media-text alignwide is-stacked-on-mobile" style="grid-template-columns:20% auto"><figure class="wp-block-media-text__media"><img decoding="async" loading="lazy" width="145" height="181" src="http://test.pus-eck.de/wp-content/uploads/2021/08/Nicole.png" alt="" class="wp-image-491 size-full"/></figure><div class="wp-block-media-text__content">
<p><strong>Nicola Lange (Oberstufenleiterin)</strong><br></p>



<p></p>



<p></p>



<p>Tel: 04351-7325-21</p>
</div></div>



<div style="height:100px" aria-hidden="true" class="wp-block-spacer"></div>



<div class="wp-block-media-text alignwide is-stacked-on-mobile" style="grid-template-columns:21% auto"><figure class="wp-block-media-text__media"><img decoding="async" loading="lazy" width="768" height="1024" src="http://test.pus-eck.de/wp-content/uploads/2022/09/DSCN9164-768x1024.jpg" alt="" class="wp-image-1517 size-full" srcset="http://test.pus-eck.de/wp-content/uploads/2022/09/DSCN9164-768x1024.jpg 768w, http://test.pus-eck.de/wp-content/uploads/2022/09/DSCN9164-225x300.jpg 225w, http://test.pus-eck.de/wp-content/uploads/2022/09/DSCN9164-1152x1536.jpg 1152w, http://test.pus-eck.de/wp-content/uploads/2022/09/DSCN9164-1536x2048.jpg 1536w, http://test.pus-eck.de/wp-content/uploads/2022/09/DSCN9164-scaled.jpg 1920w" sizes="(max-width: 768px) 100vw, 768px" /></figure><div class="wp-block-media-text__content">
<p><strong>Dr. Marco Ehlers (Koordinator für die Klassenstufen 8-10)</strong><br></p>



<p></p>



<p>Tel: 04351-7325-60</p>
</div></div>



<div style="height:100px" aria-hidden="true" class="wp-block-spacer"></div>



<div class="wp-block-media-text alignwide is-stacked-on-mobile" style="grid-template-columns:21% auto"><figure class="wp-block-media-text__media"><img decoding="async" loading="lazy" width="145" height="191" src="http://test.pus-eck.de/wp-content/uploads/2021/08/Christian.png" alt="" class="wp-image-495 size-full"/></figure><div class="wp-block-media-text__content">
<p><strong>Christian Meyer (Koordinator für die Klassenstufen 5-7)</strong><br></p>



<p>Tel: 04351-7325-55</p>
</div></div>



<div style="height:100px" aria-hidden="true" class="wp-block-spacer"></div>



<div class="wp-block-media-text alignwide is-stacked-on-mobile" style="grid-template-columns:21% auto"><figure class="wp-block-media-text__media"><img decoding="async" loading="lazy" width="146" height="193" src="http://test.pus-eck.de/wp-content/uploads/2021/08/Nicole-S.png" alt="" class="wp-image-496 size-full"/></figure><div class="wp-block-media-text__content">
<p><strong>Nicole Strämke (pädagogische Koordinatorin)</strong><br></p>



<p>Tel: 04351-7325-22</p>
</div></div>

<p>Nicola Lange (Oberstufenleiterin) Tel: 04351-7325-21 Dr. Marco Ehlers (Koordinator für die Klassenstufen 8-10) Tel: 04351-7325-60 Christian Meyer (Koordinator für die Klassenstufen 5-7) Tel: 04351-7325-55 Nicole Strämke (pädagogische Koordinatorin) Tel: 04351-7325-22</p>
