{"id":10,"date":"2020-01-11T18:30:11","date_gmt":"2020-01-11T17:30:11","guid":{"rendered":"http:\/\/test.pus-eck.de\/?page_id=10"},"modified":"2023-03-05T14:23:44","modified_gmt":"2023-03-05T13:23:44","slug":"kontakt","status":"publish","type":"page","link":"http:\/\/test.pus-eck.de\/?page_id=10","title":{"rendered":"Kontakt"},"content":{"rendered":"\n<p>I<strong>mpressum<\/strong><\/p>\n\n\n\n<p>Herausgeber:<\/p>\n\n\n\n<p>Peter-Ustinov-Schule Eckernf\u00f6rde<br>Sauerstra\u00dfe 16<\/p>\n\n\n\n<p>24340 Eckernf\u00f6rde<br>Tel.: (0 43 51) 7 32 50<\/p>\n\n\n\n<p>mail: <a href=\"mailto:peter-ustinov-schule.eckernfoerde@schule.landsh.de?subject=\">peter-ustinov-schule.eckernfoerde@schule.landsh.de<\/a><br><\/p>\n\n\n\n<p>Imke Freudenthal (Schulleiterin)<\/p>\n\n\n\n<p><\/p>\n\n\n\n<p><strong>Redaktion:<\/strong><\/p>\n\n\n\n<p>Dr. Marco Ehlers &#8211; Inhaltliche Anregungen, Feedback bitte mit Mail an: <a href=\"mailto:marco.ehlers@pus-eck.org\">marco.ehlers@pus-eck.org<\/a><\/p>\n\n\n\n<p><strong>Webmaster :<\/strong><\/p>\n\n\n\n<p>Minh Vuong &#8211; Bei technischen Problemen, Fragen oder Anregungen bitte Mail an: <a href=\"mailto:minh.vuong@peterustinovschule.de\">mi<\/a><a href=\"mailto:minh.vuong@pus-eck.org\">nh.vuong@pus-eck.org<\/a><br><br><br><strong>1. Inhalt des Onlineangebots:<\/strong><br><\/p>\n\n\n\n<p>Die Peter-Ustinov-Schule Eckernf\u00f6rde \u00fcbernimmt keinerlei Gew\u00e4hr f\u00fcr die Aktualit\u00e4t, Korrektheit, Vollst\u00e4ndigkeit oder Qualit\u00e4t der bereitgestellten Informationen. Haftungsanspr\u00fcche gegen die Autoren, welche sich auf Sch\u00e4den materieller oder ideeller Art beziehen, die durch die Nutzung oder Nichtnutzung der dargebotenen Informationen bzw. durch die Nutzung fehlerhafter und unvollst\u00e4ndiger Informationen verursacht wurden, sind grunds\u00e4tzlich ausgeschlossen, sofern seitens der Autoren kein nachweislich vors\u00e4tzliches oder grob fahrl\u00e4ssiges Verschulden vorliegt.\u2028Namentlich gekennzeichnete Beitr\u00e4ge geben nicht unbedingt die Meinung der Herausgebers wieder. F\u00fcr unverlangt eingesandte Manuskripte, Fotos, Illustrationen und Datentr\u00e4ger wird keine Gew\u00e4hr \u00fcbernommen.\u2028Die Autoren behalten es sich ausdr\u00fccklich vor, Teile der Seiten oder das gesamte Angebot ohne gesonderte Ank\u00fcndigung zu ver\u00e4ndern, zu erg\u00e4nzen, zu l\u00f6schen oder die Ver\u00f6ffentlichung zeitweise oder endg\u00fcltig einzustellen.<\/p>\n\n\n\n<p><strong>2. Verweise und Links<\/strong><\/p>\n\n\n\n<p>Bei direkten oder indirekten Verweisen auf fremde Webseiten (&#8220;Hyperlinks&#8221;), die au\u00dferhalb des Verantwortungsbereiches der Autoren liegen, w\u00fcrde eine Haftungsverpflichtung ausschlie\u00dflich in dem Fall in Kraft treten, in dem die Autoren von den Inhalten Kenntnis haben und es ihnen technisch m\u00f6glich und zumutbar w\u00e4re, die Nutzung im Falle rechtswidriger Inhalte zu verhindern. Die Autoren erkl\u00e4ren hiermit ausdr\u00fccklich, dass zum Zeitpunkt der Linksetzung keine illegalen Inhalte auf den zu verlinkenden Seiten erkennbar waren. Auf die aktuelle und zuk\u00fcnftige Gestaltung, die Inhalte oder die Urheberschaft der verlinkten\/verkn\u00fcpften Seiten haben die Autoren keinerlei Einfluss. Deshalb distanzieren sie sich hiermit ausdr\u00fccklich von allen Inhalten aller verlinkten \/verkn\u00fcpften Seiten, die nach der Linksetzung ver\u00e4ndert wurden. Diese Feststellung gilt f\u00fcr alle innerhalb des eigenen Internetangebotes gesetzten Links und Verweise sowie f\u00fcr Fremdeintr\u00e4ge in vom Autor eingerichteten G\u00e4steb\u00fcchern, Diskussionsforen, Linkverzeichnissen, Mailinglisten und in allen anderen Formen von Datenbanken, auf deren Inhalt externe Schreibzugriffe m\u00f6glich sind. F\u00fcr illegale, fehlerhafte oder unvollst\u00e4ndige Inhalte und insbesondere f\u00fcr Sch\u00e4den, die aus der Nutzung oder Nichtnutzung solcherart dargebotener Informationen entstehen, haftet allein der Anbieter der Seite, auf welche verwiesen wurde, nicht derjenige, der \u00fcber Links auf die jeweilige Ver\u00f6ffentlichung lediglich verweist.<\/p>\n\n\n\n<p><strong>4. Datenschutz<\/strong><\/p>\n\n\n\n<p>Sofern innerhalb des Internetangebotes die M\u00f6glichkeit zur Eingabe pers\u00f6nlicher oder gesch\u00e4ftlicher Daten (Emailadressen, Namen, Anschriften) besteht, so erfolgt die Preisgabe dieser Daten seitens des Nutzers auf ausdr\u00fccklich freiwilliger Basis. Jeder Zugriff auf das Internetangebot der Peter-Ustinov-Schule Eckernf\u00f6rde wird in einer Protokolldatei gespeichert.\u2028In der Protokolldatei werden folgende Daten gespeichert:<br><br>Name der aufgerufenen Datei Datum und Uhrzeit der Abrufs \u00fcbertragene Datenmenge Meldung, ob der Abruf erfolgreich war IP-Adresse<\/p>\n\n\n\n<p>Die gespeicherten Daten werden nur zur Optimierung der Internetangebotes ausgewertet.\u2028Eine Weitergabe an Dritte, zu kommerziellen oder nichtkommerziellen Zwecken, findet nicht statt. \u2028Unsere Seiten verwenden weder Cookies, noch andere Techniken, die dazu dienen, das Zugriffsverhalten der Nutzer nachzuvollziehen.\u2028Die IP-Adresse wird nur bei Angriffen auf die Internetinfrastruktur derPeter-Ustinov-Schule Eckernf\u00f6rde ausgewertet.\u2028Die Nutzung der im Rahmen des Impressums oder vergleichbarer Angaben ver\u00f6ffentlichten Kontaktdaten wie Postanschriften, Telefon- und Faxnummern sowie Emailadressen durch Dritte zur \u00dcbersendung von nicht ausdr\u00fccklich angeforderten Informationen ist nicht gestattet. Rechtliche Schritte gegen die Versender von sogenannten Spam-Mails bei Verst\u00f6ssen gegen dieses Verbot sind ausdr\u00fccklich vorbehalten.<\/p>\n\n\n\n<p><strong>5. Rechtswirksamkeit dieses Haftungsausschlusses<\/strong><\/p>\n\n\n\n<p>Dieser Haftungsausschluss ist als Teil des Internetangebotes der Peter-Ustinov-Schule Eckernf\u00f6rde zu betrachten. Sofern Teile oder einzelne Formulierungen dieses Textes der geltenden Rechtslage nicht, nicht mehr oder nicht vollst\u00e4ndig entsprechen sollten, bleiben die \u00fcbrigen Teile des Dokumentes in ihrem Inhalt und ihrer G\u00fcltigkeit davon unber\u00fchrt.<\/p>\n","protected":false},"excerpt":{"rendered":"<p>Impressum Herausgeber: Peter-Ustinov-Schule Eckernf\u00f6rdeSauerstra\u00dfe 16 24340 Eckernf\u00f6rdeTel.: (0 43 51) 7 32 50 mail: peter-ustinov-schule.eckernfoerde@schule.landsh.de Imke Freudenthal (Schulleiterin) Redaktion: Dr. Marco Ehlers &#8211; Inhaltliche Anregungen, Feedback bitte mit Mail an: marco.ehlers@pus-eck.org Webmaster : Minh Vuong &#8211; Bei technischen Problemen, Fragen oder Anregungen bitte Mail an: minh.vuong@pus-eck.org 1. Inhalt des Onlineangebots: Die Peter-Ustinov-Schule Eckernf\u00f6rde \u00fcbernimmt keinerlei [&hellip;]<\/p>\n","protected":false},"author":1,"featured_media":5,"parent":0,"menu_order":0,"comment_status":"closed","ping_status":"closed","template":"","meta":[],"_links":{"self":[{"href":"http:\/\/test.pus-eck.de\/index.php?rest_route=\/wp\/v2\/pages\/10"}],"collection":[{"href":"http:\/\/test.pus-eck.de\/index.php?rest_route=\/wp\/v2\/pages"}],"about":[{"href":"http:\/\/test.pus-eck.de\/index.php?rest_route=\/wp\/v2\/types\/page"}],"author":[{"embeddable":true,"href":"http:\/\/test.pus-eck.de\/index.php?rest_route=\/wp\/v2\/users\/1"}],"replies":[{"embeddable":true,"href":"http:\/\/test.pus-eck.de\/index.php?rest_route=%2Fwp%2Fv2%2Fcomments&post=10"}],"version-history":[{"count":5,"href":"http:\/\/test.pus-eck.de\/index.php?rest_route=\/wp\/v2\/pages\/10\/revisions"}],"predecessor-version":[{"id":2527,"href":"http:\/\/test.pus-eck.de\/index.php?rest_route=\/wp\/v2\/pages\/10\/revisions\/2527"}],"wp:featuredmedia":[{"embeddable":true,"href":"http:\/\/test.pus-eck.de\/index.php?rest_route=\/wp\/v2\/media\/5"}],"wp:attachment":[{"href":"http:\/\/test.pus-eck.de\/index.php?rest_route=%2Fwp%2Fv2%2Fmedia&parent=10"}],"curies":[{"name":"wp","href":"https:\/\/api.w.org\/{rel}","templated":true}]}}